be 10/((2 - 3)*-2). Suppose 0 = -2*b - 2*b - 5*s + 11, 2*b - 13 = 5*s. Let p(f) = -n - f + b + 2. Give p(1).
0
Let m = -5 + 8. Let g(d) = 10*d + 12*d - 25*d - 1. What is g(m)?
-10
Let c(k) be the first derivative of k**4/4 + 7*k**3/3 + k + 12. Calculate c(-7).
1
Let h(x) = -9*x + x + 10*x - x. What is h(-6)?
-6
Let o = 22 + -20. Let z(j) be the second derivative of -1/2*j**2 - 3*j + 0 + 1/2*j**3. What is z(o)?
5
Let p(a) = 4*a + 6*a**2 - 4*a**2 + 5 - 3*a**2 - 9. Calculate p(3).
-1
Let s(f) be the first derivative of -1/3*f**3 + 2*f**2 + 1/12*f**4 - 3*f + 2. Let d(r) be the first derivative of s(r). What is d(3)?
7
Let r(j) = 4*j. Suppose -2*q + 3*b + 19 = 0, 0*q + 4*q = 5*b + 35. Give r(q).
20
Let k(h) = -h**3 + 4*h**2 + 6*h - 2. Let n = -7 + 9. Let l be 2 + n + (-3)/(-3). Give k(l).
3
Let q(u) = u**2 - 4 + 2 + 3*u + 1. Suppose -f - 7 + 4 = 0. Let j be f/3 - -2 - 4. Give q(j).
-1
Let a be 1/(24 - (-1 + 1)). Let l(r) be the third derivative of 0 - a*r**4 + 2*r**2 + 0*r + 2/3*r**3. Determine l(4).
0
Let u(j) = -2*j + j - 1 - 6*j. Let p(v) = -v + 1. Let l = -12 + 12. Let x be p(l). Calculate u(x).
-8
Let r(w) = w - 7. Let o be r(6). Let v(m) = -2*m + 0*m + 0*m - 1 - 4*m. Determine v(o).
5
Suppose -5*v = -5*c - 20, c - 9 = -2*c - 4*v. Let j(b) = -10*b - 4. Let z(n) = n + 1. Let p(q) = -j(q) - 3*z(q). What is p(c)?
-6
Let u = 22 - 13. Let d(a) = a**2 - 10*a - 3. Determine d(u).
-12
Suppose -a + 6 = -2. Let h = a + -6. Let r(x) = -4*x + 1 + 3*x + 0 + 7*x**h + 0. Calculate r(1).
7
Suppose -v - 6 = 4*v + n, v - 2*n = -10. Let o(f) = 2*f**3 + 3*f**2 + f + 1. Calculate o(v).
-5
Let f be -1 - 3 - (-3)/3. Let m(s) = 0*s**3 + 8 - 3*s**2 - s**3 + 0*s**3 - 7. Calculate m(f).
1
Suppose -5*p - 5*k + k = 8, 0 = 3*p - 3*k + 21. Let o be 2*((-6)/p)/(-1). Let a(x) = x**3 - 117 - 108 + 226 + 3*x**2. Give a(o).
1
Let u(i) = -5 + 3 - 2*i + i. Let z(j) = j + 1. Suppose -4*a - a - 15 = 0. Let o(m) = a*u(m) - 7*z(m). Give o(1).
-5
Let s(z) = -z + 1. Let y be s(-6). Suppose -3*i - 12 = -y*i. Let g(d) be the third derivative of d**5/60 - d**4/24 - d**3/2 - d**2. Give g(i).
3
Let o(c) = -4*c - 9. Let f(r) = -7*r - 17. Let p(q) = 6*f(q) - 11*o(q). Let k be ((-5)/(-2))/((-2)/12). Let x be k/(-1)*1/3. What is p(x)?
7
Let z be 10/(-3) + (-1)/(-3). Let g(q) = 2. Let n(i) = -i - 9. Let h(k) = 5*g(k) + n(k). Determine h(z).
4
Let a(x) = 4*x**2 + 3*x + 1. Suppose 0 = -4*m - 3 - 5. Calculate a(m).
11
Let p be (-2)/8 + 38/(-8). Let b(t) be the third derivative of t**6/120 + t**5/10 + 5*t**4/24 + 5*t**3/6 + 10*t**2. Give b(p).
5
Let c(u) = u. Let s(l) = -4*l - 1. Let p(x) = 15*c(x) + 5*s(x). Give p(-4).
15
Let n(i) = -2*i**3 + i**2 + 1. Let o be n(2). Let h(j) = j**2 - 7*j - 14. Let k be h(10). Let q = k + o. Let z(a) = a**3 - 6*a**2 + 4*a. Determine z(q).
-5
Let x = -7 - -3. Let y(b) = -11*b**3 - 15*b**2 - 3*b - 2. Let i(a) = 5*a**3 + 7*a**2 + a + 1. Let g(r) = 9*i(r) + 4*y(r). Calculate g(x).
-3
Suppose -3*c + 9 = -0*c. Let g = 8 + -6. Let a(t) = -t**3 + g*t**2 + 1 - 3 + c*t**2. Calculate a(5).
-2
Let c(t) = -22*t + 9*t - t**2 + 21*t - 7. Let j = 19 - 13. Give c(j).
5
Let k(m) = 3*m**2 + 5*m**3 + 0*m - 4*m + m**3 - 5*m**3. What is k(-4)?
0
Let f(b) = b**3 - 4*b**2 + 3*b + 4. Let k be f(3). Suppose -l + 4*z = 5 - 22, k*z + 18 = 2*l. Let w(o) = 5*o**3 - o**2 + o. Calculate w(l).
5
Let t(l) = l**2 - 7*l + 4. Suppose -2*v + 3*v = -3. Let w(i) = -2*i - 1. Let s be w(v). What is t(s)?
-6
Let g(s) = -s + 1. Let y(b) = 3*b. Let h(o) = 2*g(o) + y(o). Give h(-2).
0
Let a(p) be the second derivative of -2/3*p**3 + 5*p + 0 - 3/2*p**2 - 1/4*p**4. What is a(-2)?
-7
Suppose 16*j + 4 = 20*j. Let v(m) = -m**3 - 7*m**3 + m + 0*m**3. What is v(j)?
-7
Let y(j) = 3*j + 6 - 2 - 5 + 4*j. Give y(1).
6
Let f(o) be the third derivative of -o**7/5040 + o**6/180 - 3*o**5/20 - o**2. Let c(v) be the third derivative of f(v). Determine c(-5).
9
Let i(f) be the first derivative of -2/3*f**3 - 1/6*f**4 + 1/120*f**5 + 0*f**2 + 0*f - 1. Let z(q) be the third derivative of i(q). Give z(3).
-1
Let y(t) = -3*t**2 + 10*t - 10. Let f(p) = -7*p**2 + 21*p - 21. Let b(m) = -4*f(m) + 9*y(m). Let l be ((-2)/(-4))/(2/(-24)). Give b(l).
-6
Let l = -6 + 8. Suppose -4*q - 2 = s - 0*s, -5*q - 5 = 0. Let n(v) = -s*v**3 + 2*v**l - 2*v**2 + 2 - 2*v**2 + 5*v**2 - v. Calculate n(2).
-4
Let w(p) = p**2 + 7*p + 3. Suppose 3 + 12 = -5*t. Calculate w(t).
-9
Let c(n) = -n. Let r = 3 + 3. Let f be (4/(-7))/((-12)/84). Let q = r - f. Give c(q).
-2
Let f(v) = -4*v - 1. Suppose 4*z + 51 = 3*z - 5*k, z + 2*k + 54 = 0. Let x be (-16)/z + (-5)/(-7). Give f(x).
-5
Let r(l) = l**3 - 7*l**2 + l + 2. Let f(v) = -7*v**3. Let h be f(-1). Determine r(h).
9
Let m = 6 - 5. Let b(f) = -2*f + 1 - 2*f**2 + 0*f**2 + 3*f**2. Give b(m).
0
Let j be (4 + 1)*14/5. Let p(m) = m + m - m - j. Let f be p(12). Let a(b) = -b**3 - 2*b**2 - 2*b - 3. Determine a(f).
1
Let a be ((-2)/(-3))/((-4)/(-48)). Suppose -2*w = v - a, -12 = -w - 2*w - 5*v. Let y(t) = 1 - 2*t - 4*t + w*t + 12*t**2. Determine y(1).
11
Let i(q) be the first derivative of -2*q**2 + 2/3*q**3 + 3*q - 1. What is i(2)?
3
Let u(d) = -d + 1. Let z = 5 - 10. Let x = 9 + z. Determine u(x).
-3
Let q(y) = y - 7. Let n be q(6). Let t(u) = 4*u**3 + u**2 + 2*u + 1. Calculate t(n).
-4
Let j(z) = -3*z**2 - z - 3 + 6*z + 4*z + 2*z. Let g(i) = -i**2 + 6*i - 1. Let s(d) = 5*g(d) - 2*j(d). What is s(-7)?
-6
Let v(n) = n**3 - 3*n**2 - 4*n + 2. Suppose 9 = 3*z + 5*h, -4*z - h = -z + 3. Let c be -2*(z + 0/2). Suppose -c = f - 2*f. Give v(f).
2
Let k(v) = -6*v**2 - 16*v + 10. Let u(z) = -z**2 - 3*z + 2. Let p(i) = 2*k(i) - 11*u(i). Determine p(4).
-14
Let q(p) = 4 + 3*p - 5*p + p. Give q(3).
1
Let a = -5 - 0. Let f(x) be the first derivative of x**2 + 7*x + 1. What is f(a)?
-3
Let d(r) = 6*r + 2*r**2 - 9*r - 4*r**2 - 2. Give d(-2).
-4
Let a(l) be the first derivative of -l**3/3 - 7*l**2/2 - l - 51. Give a(-4).
11
Let g(b) be the second derivative of b**4/12 - b**2/2 - 4*b. What is g(1)?
0
Let q(j) be the second derivative of j**4/12 + 9*j**2/2 + 16*j. Give q(0).
9
Let b(q) = -q**2 + 10*q - 13. Let m(y) = y + 18. Let l be m(-9). Give b(l).
-4
Let k(d) = -7*d**2 + 2*d + 1. Let j = -8 + 7. Give k(j).
-8
Let a(w) = -5*w - 3 + 5*w + 2*w. Calculate a(-4).
-11
Let u = 20 - 13. Suppose -5*x - i = -17, -3*x + 4*i = -4*x - 8. Suppose -4*l - 20 = 0, 5*c - x*l - u = 13. Let z(f) = f**2 + 7. Give z(c).
7
Let q be 18/(-3)*6/4. Let y = q - -8. Let c(h) = 8*h**2 + h + 1. Determine c(y).
8
Let h(y) = y**3 + 11*y**2 + 8*y - 14. Let b be h(-10). Let f(z) = -z**3 + 6*z**2 + z - 1. Determine f(b).
5
Let g(x) be the second derivative of x**3/6 - 5*x**2/2 - x. Let j be g(6). Let a(f) = 7*f**3 - 1. Give a(j).
6
Let w(j) = 71*j - 2 + 71*j - 141*j. Give w(0).
-2
Let m(v) = v**2 - 1. Let p(k) = -6*k**2 - 5*k + 11. Let l(q) = -5*m(q) - p(q). Suppose 5*b = u - 9, 3*b + 3 = 4*b + u. Let d be (-8)/b*18/(-24). What is l(d)?
0
Let k(x) be the first derivative of 4*x**3/3 - x**2 + x + 55. Give k(-2).
21
Let a(q) be the second derivative of q**3/3 + q**2/2 + 48*q. Suppose 0 = -5*t - 5 - 10. Let u be (-2)/t*(-5 + 2). What is a(u)?
-3
Let z(d) = -d**3 - 6*d**2. Let k be z(-6). Let y(h) be the third derivative of 0 + 0*h + 2*h**2 - 1/24*h**4 - 5/3*h**3. Determine y(k).
-10
Let o(f) = -f**2 + 6*f + f - 2*f + 3 + 2*f**2. Calculate o(-4).
-1
Suppose -2*j - 3*c - 5 = 0, 2*j + 2*j + c = 15. Let i(d) = d**3 - 5*d**2 + 4. Give i(j).
4
Let b(u) = u. Let d(f) = -f. Let y(a) = 5*b(a) + 6*d(a). Give y(10).
-10
Suppose 1 = 2*c - 7. Let j(d) = -d**2 + 5*d + 2. Calculate j(c).
6
Let k = -5 + 7. Suppose 0 = -2*p + k*o + 12, 3*p - o - 10 - 2 = 0. Let i(j) = -j**3 + 269*j + 269*j + 2 - 540*j + 3*j**2. What is i(p)?
-4
Let q(o) be the second derivative of -o**6/120 + o**5/60 + o**4/8 - o**3/6 - o**2/2 + o. Let m(b) be the first derivative of q(b). What is m(2)?
1
Suppose 0 = -5*v + 12 - 2. Let n(t) = -10*t**2 + 5*t**v + 5*t**2 - 5 + t**2 - 5*t. Determine n(6).
1
Let t(l) = -l**3 - 7*l**2 + 7*l - 1. Let m(s) = 2*s**3 + s**2. Let i(d) = -m(d) - t(d). Let n(g) = 4*g**2 + 1. Let k = -2 - -1. Let p be n(k). Determine i(p).
-9
Let i(a) = 0 + 2*a + 4 + 2 + 0*a. Suppose 5*o + 36 = 4*n, o - 4*n = -2 - 18. Determine i(o).
-2
Let f(b) = 2*b + 1. Let q = -26 - -29. Determine f(q).
7
Let a(